remainder when 146 is divided by 46.
8
Calculate the remainder when 2560 is divided by 27.
22
What is the remainder when 405 is divided by 35?
20
What is the remainder when 539 is divided by 93?
74
What is the remainder when 66 is divided by 29?
8
What is the remainder when 770 is divided by 33?
11
Calculate the remainder when 1408 is divided by 199.
15
What is the remainder when 435 is divided by 19?
17
What is the remainder when 5141 is divided by 69?
35
What is the remainder when 860 is divided by 859?
1
Calculate the remainder when 70 is divided by 36.
34
What is the remainder when 88 is divided by 19?
12
What is the remainder when 113 is divided by 108?
5
What is the remainder when 3247 is divided by 16?
15
Calculate the remainder when 44 is divided by 10.
4
What is the remainder when 2843 is divided by 92?
83
What is the remainder when 1648 is divided by 13?
10
What is the remainder when 6064 is divided by 164?
160
What is the remainder when 132 is divided by 131?
1
Calculate the remainder when 6474 is divided by 90.
84
Calculate the remainder when 3448 is divided by 75.
73
Calculate the remainder when 471 is divided by 102.
63
What is the remainder when 53 is divided by 13?
1
Calculate the remainder when 223 is divided by 43.
8
Calculate the remainder when 2324 is divided by 4.
0
What is the remainder when 1406 is divided by 10?
6
What is the remainder when 610 is divided by 77?
71
Calculate the remainder when 75 is divided by 24.
3
What is the remainder when 1495 is divided by 22?
21
Calculate the remainder when 2462 is divided by 12.
2
What is the remainder when 1825 is divided by 83?
82
What is the remainder when 40 is divided by 31?
9
What is the remainder when 1047 is divided by 349?
0
What is the remainder when 472 is divided by 3?
1
What is the remainder when 291 is divided by 74?
69
What is the remainder when 47 is divided by 17?
13
What is the remainder when 5733 is divided by 18?
9
What is the remainder when 670 is divided by 48?
46
What is the remainder when 147 is divided by 32?
19
Calculate the remainder when 710 is divided by 177.
2
What is the remainder when 294 is divided by 59?
58
Calculate the remainder when 1022 is divided by 93.
92
What is the remainder when 350 is divided by 32?
30
Calculate the remainder when 247 is divided by 8.
7
What is the remainder when 805 is divided by 15?
10
What is the remainder when 169 is divided by 31?
14
What is the remainder when 36650 is divided by 187?
185
Calculate the remainder when 334 is divided by 8.
6
Calculate the remainder when 921 is divided by 77.
74
Calculate the remainder when 4019 is divided by 60.
59
What is the remainder when 2325 is divided by 8?
5
Calculate the remainder when 140 is divided by 27.
5
Calculate the remainder when 2987 is divided by 36.
35
Calculate the remainder when 1392 is divided by 93.
90
What is the remainder when 822 is divided by 75?
72
Calculate the remainder when 1403 is divided by 108.
107
Calculate the remainder when 3793 is divided by 146.
143
What is the remainder when 1779 is divided by 150?
129
Calculate the remainder when 87 is divided by 25.
12
Calculate the remainder when 445 is divided by 148.
1
What is the remainder when 377 is divided by 128?
121
What is the remainder when 389 is divided by 66?
59
What is the remainder when 5635 is divided by 937?
13
What is the remainder when 46 is divided by 15?
1
Calculate the remainder when 188 is divided by 38.
36
What is the remainder when 1222 is divided by 18?
16
What is the remainder when 169 is divided by 54?
7
What is the remainder when 100 is divided by 40?
20
Calculate the remainder when 43 is divided by 9.
7
Calculate the remainder when 83 is divided by 12.
11
Calculate the remainder when 97 is divided by 7.
6
What is the remainder when 2363 is divided by 169?
166
What is the remainder when 858 is divided by 58?
46
Calculate the remainder when 149 is divided by 49.
2
What is the remainder when 195 is divided by 111?
84
What is the remainder when 1851 is divided by 116?
111
What is the remainder when 10281 is divided by 13?
11
Calculate the remainder when 386 is divided by 108.
62
Calculate the remainder when 348 is divided by 100.
48
Calculate the remainder when 459 is divided by 67.
57
Calculate the remainder when 2118 is divided by 106.
104
What is the remainder when 1322 is divided by 120?
2
Calculate the remainder when 13 is divided by 13.
0
Calculate the remainder when 799 is divided by 80.
79
Calculate the remainder when 3760 is divided by 33.
31
Calculate the remainder when 174 is divided by 64.
46
What is the remainder when 176 is divided by 90?
86
What is the remainder when 51790 is divided by 47?
43
What is the remainder when 224 is divided by 10?
4
What is the remainder when 34 is divided by 5?
4
What is the remainder when 829 is divided by 103?
5
Calculate the remainder when 195 is divided by 134.
61
What is the remainder when 2067 is divided by 230?
227
What is the remainder when 695 is divided by 15?
5
Calculate the remainder when 412 is divided by 18.
16
What is the remainder when 1237 is divided by 77?
5
Calculate the remainder when 335 is divided by 21.
20
What is the remainder when 222 is divided by 10?
2
Calculate the remainder when 1434 is divided by 534.
366
Calculate the remainder when 207 is divided by 6.
3
What is the remainder when 735 is divided by 92?
91
Calculate the remainder when 170 is divided by 35.
30
Calculate the remainder when 7837 is divided by 67.
65
What is the remainder when 37 is divided by 11?
4
What is the remainder when 844 is divided by 122?
112
Calculate the remainder when 502 is divided by 12.
10
What is the remainder when 75 is divided by 4?
3
What is the remainder when 1638 is divided by 133?
42
What is the remainder when 8974 is divided by 34?
32
What is the remainder when 151 is divided by 7?
4
Calculate the remainder when 537 is divided by 11.
9
What is the remainder when 103 is divided by 12?
7
Calculate the remainder when 6211 is divided by 26.
23
What is the remainder when 1194 is divided by 60?
54
What is the remainder when 678 is divided by 30?
18
What is the remainder when 113 is divided by 39?
35
Calculate the remainder when 127 is divided by 112.
15
Calculate the remainder when 467 is divided by 9.
8
Calculate the remainder when 1023 is divided by 16.
15
What is the remainder when 1168 is divided by 10?
8
Calculate the remainder when 448 is divided by 50.
48
Calculate the remainder when 1676 is divided by 835.
6
What is the remainder when 2035 is divided by 30?
25
What is the remainder when 406 is divided by 134?
4
What is the remainder when 908 is divided by 23?
11
What is the remainder when 151 is divided by 16?
7
Calculate the remainder when 184 is divided by 49.
37
What is the remainder when 302 is divided by 100?
2
Calculate the remainder when 19 is divided by 11.
8
What is the remainder when 1045 is divided by 276?
217
What is the remainder when 1636 is divided by 26?
24
What is the remainder when 124 is divided by 66?
58
Calculate the remainder when 171 is divided by 55.
6
Calculate the remainder when 121 is divided by 73.
48
Calculate the remainder when 800 is divided by 45.
35
Calculate the remainder when 7200 is divided by 68.
60
Calculate the remainder when 3192 is divided by 1042.
66
What is the remainder when 1774 is divided by 20?
14
Calculate the remainder when 16673 is divided by 397.
396
What is the remainder when 177 is divided by 53?
18
Calculate the remainder when 1467 is divided by 365.
7
What is the remainder when 142 is divided by 49?
44
What is the remainder when 505 is divided by 46?
45
Calculate the remainder when 184 is divided by 45.
4
What is the remainder when 1029 is divided by 14?
7
What is the remainder when 2124 is divided by 14?
10
Calculate the remainder when 5472 is divided by 130.
12
What is the remainder when 670 is divided by 28?
26
What is the remainder when 543 is divided by 139?
126
What is the remainder when 65 is divided by 15?
5
Calculate the remainder when 53687 is divided by 53.
51
What is the remainder when 484 is divided by 67?
15
Calculate the remainder when 476 is divided by 69.
62
Calculate the remainder when 1762 is divided by 93.
88
Calculate the remainder when 124 